{"id":6010,"date":"2018-08-04T14:38:15","date_gmt":"2018-08-04T12:38:15","guid":{"rendered":"http:\/\/c3.staging1.laurencariscooks.com\/?page_id=6010\/"},"modified":"2024-08-26T10:37:56","modified_gmt":"2024-08-26T08:37:56","slug":"kindergottesdienste","status":"publish","type":"page","link":"https:\/\/staging.c3zurich.ch\/de\/kindergottesdienste\/","title":{"rendered":"Kids und Teens"},"content":{"rendered":"\n<h1>\n\t\tKinder und Teens\n\t<\/h1>\n<h2>\n\t\tKINDERGOTTESDIENST F\u00dcR KLEINKINDER, SCHULKINDER UND TEENS\n\t<\/h2>\n\tJeden Sonntag bieten wir, als C3 Z\u00fcrich, ein Kinderprogramm f\u00fcr 1-13-J\u00e4hrige an. Es ist uns eine grosse Freude, die Kinder altersgem\u00e4ss in ihrem Lernen zu begleiten.<br \/>\nIn jeder Gruppe werden der Entwicklungsstand ber\u00fccksichtigt und die Lernangebote sowie Inhalt und Programmdem Alter entsprechend angepasst.\n<p>Wir beten daf\u00fcr, dass unsere C3 Kids Gott kennenlernen, seine Liebe erfahren und ein gutes Fundament mit Gott bauen k\u00f6nnen.<\/p>\n<p>Wir glauben, dass viel Kraft darin liegt, in die n\u00e4chste Generation zu investieren und den Kindern Raum f\u00fcr Kreativit\u00e4t und Begegnungen zu bieten; so kann ihre einzigartige und wundersch\u00f6ne Identit\u00e4t in Jesus Christus wachsen. Die C3-Kinder sind S\u00f6hne und T\u00f6chter des h\u00f6chsten K\u00f6nigs &#8211; jedes Kind hat eine Hoffnung, Zukunft und die kraftvolle Gnade \u00fcber seinem Leben und, nicht zuletzt: eine Berufung f\u00fcr unsere Stadt und Welt.<\/p>\n<p>Wenn Sie das erste Mal zu C3ZH kommen und Kinder haben, w\u00fcrden wir uns freuen, wenn Sie uns Bescheid geben. So k\u00f6nnen wir Ihnen und Ihren Kindern helfen, den richtigen Platz am Sonntag zu finden.<\/p>\n\t\t\t<a href=\"mailto:esther@c3zurich.ch\" target=\"_self\" rel=\"noopener\">\n\t\t\t\t\t\t\tKONTAKTIERE UNSERE KIDS 1-11\n\t\t\t\t\t<\/a>\n\t\t\t<a href=\"mailto:youth@c3zurich.ch\" target=\"_self\" rel=\"noopener\">\n\t\t\t\t\t\t\tKONTAKTIERE UNSERE TEENS 12-18 MITARBEITER\n\t\t\t\t\t<\/a>\n<h2>\n\t\tAltesgruppen\n\t<\/h2>\n\t\t\t<h2>F\u00fcr 2-4 j\u00e4hrige Kinder<\/h2>\n<p>Sobald ein Kleinkind sich auch ohne die Begleitung der Eltern wohl f\u00fchlt, ist es in dieser Gruppe herzlich willkommen. In dieser Gruppe wird viel gespielt, es werden biblische Geschichten erz\u00e4hlt und Lieder gesungen.\u00a0<\/p>\n<p>&nbsp;<\/p>\n\t\t\t<h2>F\u00fcr 4-8 j\u00e4hrige Kinder (1. Kindergarten bis 2. Klasse)<\/h2>\n<p>Sobald dein Kind basteln, in einem geleiteten Kreis zuh\u00f6ren und in kleinen Gruppen \u00fcber ein Thema sprechen kann, darf es in die Primargruppe kommen. In dieser Gruppe singen und beten wir auch zusammen.<\/p>\n<p>&nbsp;<\/p>\n\t\t\t<h2>F\u00fcr 8-12 j\u00e4hrige Kinder (3. bis 6. Klasse)<\/h2>\n<p>Eine gemeinschaftsorientierte Gruppe, die darauf abzielt, Kindern Werkzeuge zu geben, um ihre eigene Bibel zu lesen, Gott in erh\u00f6rten Gebeten zu erleben und sich gegenseitig durch authentische Freundschaften zu unterst\u00fctzen. Kinder sind bereit f\u00fcr diese Gruppe, wenn sie in der Lage sind, gemeinsam zu schreiben, zu lesen, zu diskutieren und zu beten.<\/p>\n<p>&nbsp;<\/p>\n\t\t\t<h2>Teens church<\/h2>\n<p>Wir treffen uns jeden Sonntag in der Bananenreiferei als Teil der Gemeindefamilie. Unser Wunsch ist es, durch verschiedene Aktivit\u00e4ten und Austausch, Gemeinschaft und Freundschaften unter unseren Teenagern zu f\u00f6rdern und ihnen helfen ihren Alltag zu meistern und ihre Beziehung zu Gott zu st\u00e4rken.<\/p>\n<p>&nbsp;<\/p>\n\n","protected":false},"excerpt":{"rendered":"<p>Kinder und Teens KINDERGOTTESDIENST F\u00dcR KLEINKINDER, SCHULKINDER UND TEENS Jeden Sonntag bieten wir, als C3 Z\u00fcrich, ein Kinderprogramm f\u00fcr 1-13-J\u00e4hrige an. Es ist uns eine grosse Freude, die Kinder altersgem\u00e4ss in ihrem Lernen zu begleiten. In jeder Gruppe werden der Entwicklungsstand ber\u00fccksichtigt und die Lernangebote sowie Inhalt und Programmdem Alter entsprechend angepasst. Wir beten daf\u00fcr, [&hellip;]<\/p>\n","protected":false},"author":2,"featured_media":0,"parent":0,"menu_order":0,"comment_status":"closed","ping_status":"closed","template":"my-templates\/no-title-template.php","meta":{"inline_featured_image":false,"_monsterinsights_skip_tracking":false,"_monsterinsights_sitenote_active":false,"_monsterinsights_sitenote_note":"","_monsterinsights_sitenote_category":0,"_genesis_hide_title":false,"_genesis_hide_breadcrumbs":false,"_genesis_hide_singular_image":false,"_genesis_hide_footer_widgets":false,"_genesis_custom_body_class":"","_genesis_custom_post_class":"","_genesis_layout":"","footnotes":""},"class_list":{"0":"post-6010","1":"page","2":"type-page","3":"status-publish","5":"entry","6":"has-post-thumbnail"},"yoast_head":"<!-- This site is optimized with the Yoast SEO plugin v24.3 - https:\/\/yoast.com\/wordpress\/plugins\/seo\/ -->\n<title>Kids und Teens | C3 Z\u00fcrich<\/title>\n<meta name=\"description\" content=\"Jeden Sonntag bieten wir in der C3 Z\u00fcrich ein Kinderprogramm f\u00fcr 1- bis 13-j\u00e4hrige Kinder sowie einen sicheren Babyraum f\u00fcr die ganz Kleinen an.\" \/>\n<meta name=\"robots\" content=\"noindex, follow, max-snippet:-1, max-image-preview:large, max-video-preview:-1\" \/>\n<meta property=\"og:locale\" content=\"de_DE\" \/>\n<meta property=\"og:type\" content=\"article\" \/>\n<meta property=\"og:title\" content=\"C3-Z\u00fcrich-Kindergottesdienste\" \/>\n<meta property=\"og:description\" content=\"Jeden Sonntag bieten wir in der C3 Z\u00fcrich ein Kinderprogramm f\u00fcr 1- bis 13-j\u00e4hrige Kinder sowie einen sicheren Babyraum f\u00fcr die ganz Kleinen an.\" \/>\n<meta property=\"og:url\" content=\"https:\/\/staging.c3zurich.ch\/de\/kindergottesdienste\/\" \/>\n<meta property=\"og:site_name\" content=\"C3 Z\u00fcrich\" \/>\n<meta property=\"article:publisher\" content=\"https:\/\/www.facebook.com\/C3Zurich\/\" \/>\n<meta property=\"article:modified_time\" content=\"2024-08-26T08:37:56+00:00\" \/>\n<meta property=\"og:image\" content=\"https:\/\/staging.c3zurich.ch\/wp-content\/uploads\/2016\/10\/c3-zurich.jpg\" \/>\n\t<meta property=\"og:image:width\" content=\"1750\" \/>\n\t<meta property=\"og:image:height\" content=\"985\" \/>\n\t<meta property=\"og:image:type\" content=\"image\/jpeg\" \/>\n<meta name=\"twitter:card\" content=\"summary_large_image\" \/>\n<meta name=\"twitter:site\" content=\"@c3zurich\" \/>\n<meta name=\"twitter:label1\" content=\"Gesch\u00e4tzte Lesezeit\" \/>\n\t<meta name=\"twitter:data1\" content=\"2 Minuten\" \/>\n<script type=\"application\/ld+json\" class=\"yoast-schema-graph\">{\"@context\":\"https:\/\/schema.org\",\"@graph\":[{\"@type\":\"WebPage\",\"@id\":\"https:\/\/staging.c3zurich.ch\/de\/kindergottesdienste\/\",\"url\":\"https:\/\/staging.c3zurich.ch\/de\/kindergottesdienste\/\",\"name\":\"Kids und Teens | C3 Z\u00fcrich\",\"isPartOf\":{\"@id\":\"https:\/\/staging.c3zurich.ch\/#website\"},\"datePublished\":\"2018-08-04T12:38:15+00:00\",\"dateModified\":\"2024-08-26T08:37:56+00:00\",\"description\":\"Jeden Sonntag bieten wir in der C3 Z\u00fcrich ein Kinderprogramm f\u00fcr 1- bis 13-j\u00e4hrige Kinder sowie einen sicheren Babyraum f\u00fcr die ganz Kleinen an.\",\"inLanguage\":\"de-CH\",\"potentialAction\":[{\"@type\":\"ReadAction\",\"target\":[\"https:\/\/staging.c3zurich.ch\/de\/kindergottesdienste\/\"]}]},{\"@type\":\"WebSite\",\"@id\":\"https:\/\/staging.c3zurich.ch\/#website\",\"url\":\"https:\/\/staging.c3zurich.ch\/\",\"name\":\"C3 Z\u00fcrich\",\"description\":\"Eine Glaubensgemeinschaft im Zentrum von Z\u00fcrich mit Gottesdiensten in Mundart und Englisch\",\"publisher\":{\"@id\":\"https:\/\/staging.c3zurich.ch\/#organization\"},\"potentialAction\":[{\"@type\":\"SearchAction\",\"target\":{\"@type\":\"EntryPoint\",\"urlTemplate\":\"https:\/\/staging.c3zurich.ch\/?s={search_term_string}\"},\"query-input\":{\"@type\":\"PropertyValueSpecification\",\"valueRequired\":true,\"valueName\":\"search_term_string\"}}],\"inLanguage\":\"de-CH\"},{\"@type\":\"Organization\",\"@id\":\"https:\/\/staging.c3zurich.ch\/#organization\",\"name\":\"C3 Church Zurich\",\"url\":\"https:\/\/staging.c3zurich.ch\/\",\"logo\":{\"@type\":\"ImageObject\",\"inLanguage\":\"de-CH\",\"@id\":\"https:\/\/staging.c3zurich.ch\/#\/schema\/logo\/image\/\",\"url\":\"https:\/\/staging.c3zurich.ch\/wp-content\/uploads\/2022\/03\/cropped-2.png\",\"contentUrl\":\"https:\/\/staging.c3zurich.ch\/wp-content\/uploads\/2022\/03\/cropped-2.png\",\"width\":512,\"height\":512,\"caption\":\"C3 Church Zurich\"},\"image\":{\"@id\":\"https:\/\/staging.c3zurich.ch\/#\/schema\/logo\/image\/\"},\"sameAs\":[\"https:\/\/www.facebook.com\/C3Zurich\/\",\"https:\/\/x.com\/c3zurich\",\"https:\/\/www.instagram.com\/c3zurich\/\"]}]}<\/script>\n<!-- \/ Yoast SEO plugin. -->","yoast_head_json":{"title":"Kids und Teens | C3 Z\u00fcrich","description":"Jeden Sonntag bieten wir in der C3 Z\u00fcrich ein Kinderprogramm f\u00fcr 1- bis 13-j\u00e4hrige Kinder sowie einen sicheren Babyraum f\u00fcr die ganz Kleinen an.","robots":{"index":"noindex","follow":"follow","max-snippet":"max-snippet:-1","max-image-preview":"max-image-preview:large","max-video-preview":"max-video-preview:-1"},"og_locale":"de_DE","og_type":"article","og_title":"C3-Z\u00fcrich-Kindergottesdienste","og_description":"Jeden Sonntag bieten wir in der C3 Z\u00fcrich ein Kinderprogramm f\u00fcr 1- bis 13-j\u00e4hrige Kinder sowie einen sicheren Babyraum f\u00fcr die ganz Kleinen an.","og_url":"https:\/\/staging.c3zurich.ch\/de\/kindergottesdienste\/","og_site_name":"C3 Z\u00fcrich","article_publisher":"https:\/\/www.facebook.com\/C3Zurich\/","article_modified_time":"2024-08-26T08:37:56+00:00","og_image":[{"width":1750,"height":985,"url":"https:\/\/staging.c3zurich.ch\/wp-content\/uploads\/2016\/10\/c3-zurich.jpg","type":"image\/jpeg"}],"twitter_card":"summary_large_image","twitter_site":"@c3zurich","twitter_misc":{"Gesch\u00e4tzte Lesezeit":"2 Minuten"},"schema":{"@context":"https:\/\/schema.org","@graph":[{"@type":"WebPage","@id":"https:\/\/staging.c3zurich.ch\/de\/kindergottesdienste\/","url":"https:\/\/staging.c3zurich.ch\/de\/kindergottesdienste\/","name":"Kids und Teens | C3 Z\u00fcrich","isPartOf":{"@id":"https:\/\/staging.c3zurich.ch\/#website"},"datePublished":"2018-08-04T12:38:15+00:00","dateModified":"2024-08-26T08:37:56+00:00","description":"Jeden Sonntag bieten wir in der C3 Z\u00fcrich ein Kinderprogramm f\u00fcr 1- bis 13-j\u00e4hrige Kinder sowie einen sicheren Babyraum f\u00fcr die ganz Kleinen an.","inLanguage":"de-CH","potentialAction":[{"@type":"ReadAction","target":["https:\/\/staging.c3zurich.ch\/de\/kindergottesdienste\/"]}]},{"@type":"WebSite","@id":"https:\/\/staging.c3zurich.ch\/#website","url":"https:\/\/staging.c3zurich.ch\/","name":"C3 Z\u00fcrich","description":"Eine Glaubensgemeinschaft im Zentrum von Z\u00fcrich mit Gottesdiensten in Mundart und Englisch","publisher":{"@id":"https:\/\/staging.c3zurich.ch\/#organization"},"potentialAction":[{"@type":"SearchAction","target":{"@type":"EntryPoint","urlTemplate":"https:\/\/staging.c3zurich.ch\/?s={search_term_string}"},"query-input":{"@type":"PropertyValueSpecification","valueRequired":true,"valueName":"search_term_string"}}],"inLanguage":"de-CH"},{"@type":"Organization","@id":"https:\/\/staging.c3zurich.ch\/#organization","name":"C3 Church Zurich","url":"https:\/\/staging.c3zurich.ch\/","logo":{"@type":"ImageObject","inLanguage":"de-CH","@id":"https:\/\/staging.c3zurich.ch\/#\/schema\/logo\/image\/","url":"https:\/\/staging.c3zurich.ch\/wp-content\/uploads\/2022\/03\/cropped-2.png","contentUrl":"https:\/\/staging.c3zurich.ch\/wp-content\/uploads\/2022\/03\/cropped-2.png","width":512,"height":512,"caption":"C3 Church Zurich"},"image":{"@id":"https:\/\/staging.c3zurich.ch\/#\/schema\/logo\/image\/"},"sameAs":["https:\/\/www.facebook.com\/C3Zurich\/","https:\/\/x.com\/c3zurich","https:\/\/www.instagram.com\/c3zurich\/"]}]}},"_links":{"self":[{"href":"https:\/\/staging.c3zurich.ch\/de\/wp-json\/wp\/v2\/pages\/6010","targetHints":{"allow":["GET"]}}],"collection":[{"href":"https:\/\/staging.c3zurich.ch\/de\/wp-json\/wp\/v2\/pages"}],"about":[{"href":"https:\/\/staging.c3zurich.ch\/de\/wp-json\/wp\/v2\/types\/page"}],"author":[{"embeddable":true,"href":"https:\/\/staging.c3zurich.ch\/de\/wp-json\/wp\/v2\/users\/2"}],"replies":[{"embeddable":true,"href":"https:\/\/staging.c3zurich.ch\/de\/wp-json\/wp\/v2\/comments?post=6010"}],"version-history":[{"count":23,"href":"https:\/\/staging.c3zurich.ch\/de\/wp-json\/wp\/v2\/pages\/6010\/revisions"}],"predecessor-version":[{"id":11868,"href":"https:\/\/staging.c3zurich.ch\/de\/wp-json\/wp\/v2\/pages\/6010\/revisions\/11868"}],"wp:attachment":[{"href":"https:\/\/staging.c3zurich.ch\/de\/wp-json\/wp\/v2\/media?parent=6010"}],"curies":[{"name":"wp","href":"https:\/\/api.w.org\/{rel}","templated":true}]}}

<h1>
		Kinder und Teens
	</h1>
<h2>
		KINDERGOTTESDIENST FÜR KLEINKINDER, SCHULKINDER UND TEENS
	</h2>
	Jeden Sonntag bieten wir, als C3 Zürich, ein Kinderprogramm für 1-13-Jährige an. Es ist uns eine grosse Freude, die Kinder altersgemäss in ihrem Lernen zu begleiten.<br />
In jeder Gruppe werden der Entwicklungsstand berücksichtigt und die Lernangebote sowie Inhalt und Programmdem Alter entsprechend angepasst.
<p>Wir beten dafür, dass unsere C3 Kids Gott kennenlernen, seine Liebe erfahren und ein gutes Fundament mit Gott bauen können.</p>
<p>Wir glauben, dass viel Kraft darin liegt, in die nächste Generation zu investieren und den Kindern Raum für Kreativität und Begegnungen zu bieten; so kann ihre einzigartige und wunderschöne Identität in Jesus Christus wachsen. Die C3-Kinder sind Söhne und Töchter des höchsten Königs &#8211; jedes Kind hat eine Hoffnung, Zukunft und die kraftvolle Gnade über seinem Leben und, nicht zuletzt: eine Berufung für unsere Stadt und Welt.</p>
<p>Wenn Sie das erste Mal zu C3ZH kommen und Kinder haben, würden wir uns freuen, wenn Sie uns Bescheid geben. So können wir Ihnen und Ihren Kindern helfen, den richtigen Platz am Sonntag zu finden.</p>
			<a href="mailto:esther@c3zurich.ch" target="_self" rel="noopener">
							KONTAKTIERE UNSERE KIDS 1-11
					</a>
			<a href="mailto:youth@c3zurich.ch" target="_self" rel="noopener">
							KONTAKTIERE UNSERE TEENS 12-18 MITARBEITER
					</a>
<h2>
		Altesgruppen
	</h2>
			<h2>Für 2-4 jährige Kinder</h2>
<p>Sobald ein Kleinkind sich auch ohne die Begleitung der Eltern wohl fühlt, ist es in dieser Gruppe herzlich willkommen. In dieser Gruppe wird viel gespielt, es werden biblische Geschichten erzählt und Lieder gesungen. </p>
<p>&nbsp;</p>
			<h2>Für 4-8 jährige Kinder (1. Kindergarten bis 2. Klasse)</h2>
<p>Sobald dein Kind basteln, in einem geleiteten Kreis zuhören und in kleinen Gruppen über ein Thema sprechen kann, darf es in die Primargruppe kommen. In dieser Gruppe singen und beten wir auch zusammen.</p>
<p>&nbsp;</p>
			<h2>Für 8-12 jährige Kinder (3. bis 6. Klasse)</h2>
<p>Eine gemeinschaftsorientierte Gruppe, die darauf abzielt, Kindern Werkzeuge zu geben, um ihre eigene Bibel zu lesen, Gott in erhörten Gebeten zu erleben und sich gegenseitig durch authentische Freundschaften zu unterstützen. Kinder sind bereit für diese Gruppe, wenn sie in der Lage sind, gemeinsam zu schreiben, zu lesen, zu diskutieren und zu beten.</p>
<p>&nbsp;</p>
			<h2>Teens church</h2>
<p>Wir treffen uns jeden Sonntag in der Bananenreiferei als Teil der Gemeindefamilie. Unser Wunsch ist es, durch verschiedene Aktivitäten und Austausch, Gemeinschaft und Freundschaften unter unseren Teenagern zu fördern und ihnen helfen ihren Alltag zu meistern und ihre Beziehung zu Gott zu stärken.</p>
<p>&nbsp;</p>

<p>Kinder und Teens KINDERGOTTESDIENST FÜR KLEINKINDER, SCHULKINDER UND TEENS Jeden Sonntag bieten wir, als C3 Zürich, ein Kinderprogramm für 1-13-Jährige an. Es ist uns eine grosse Freude, die Kinder altersgemäss in ihrem Lernen zu begleiten. In jeder Gruppe werden der Entwicklungsstand berücksichtigt und die Lernangebote sowie Inhalt und Programmdem Alter entsprechend angepasst. Wir beten dafür, [&hellip;]</p>

<!-- This site is optimized with the Yoast SEO plugin v24.3 - https://yoast.com/wordpress/plugins/seo/ -->
<title>Kids und Teens | C3 Zürich</title>
<meta name="description" content="Jeden Sonntag bieten wir in der C3 Zürich ein Kinderprogramm für 1- bis 13-jährige Kinder sowie einen sicheren Babyraum für die ganz Kleinen an." />
<meta name="robots" content="noindex, follow, max-snippet:-1, max-image-preview:large, max-video-preview:-1" />
<meta property="og:locale" content="de_DE" />
<meta property="og:type" content="article" />
<meta property="og:title" content="C3-Zürich-Kindergottesdienste" />
<meta property="og:description" content="Jeden Sonntag bieten wir in der C3 Zürich ein Kinderprogramm für 1- bis 13-jährige Kinder sowie einen sicheren Babyraum für die ganz Kleinen an." />
<meta property="og:url" content="https://staging.c3zurich.ch/de/kindergottesdienste/" />
<meta property="og:site_name" content="C3 Zürich" />
<meta property="article:publisher" content="https://www.facebook.com/C3Zurich/" />
<meta property="article:modified_time" content="2024-08-26T08:37:56+00:00" />
<meta property="og:image" content="https://staging.c3zurich.ch/wp-content/uploads/2016/10/c3-zurich.jpg" />
	<meta property="og:image:width" content="1750" />
	<meta property="og:image:height" content="985" />
	<meta property="og:image:type" content="image/jpeg" />
<meta name="twitter:card" content="summary_large_image" />
<meta name="twitter:site" content="@c3zurich" />
<meta name="twitter:label1" content="Geschätzte Lesezeit" />
	<meta name="twitter:data1" content="2 Minuten" />
<script type="application/ld+json" class="yoast-schema-graph">{"@context":"https://schema.org","@graph":[{"@type":"WebPage","@id":"https://staging.c3zurich.ch/de/kindergottesdienste/","url":"https://staging.c3zurich.ch/de/kindergottesdienste/","name":"Kids und Teens | C3 Zürich","isPartOf":{"@id":"https://staging.c3zurich.ch/#website"},"datePublished":"2018-08-04T12:38:15+00:00","dateModified":"2024-08-26T08:37:56+00:00","description":"Jeden Sonntag bieten wir in der C3 Zürich ein Kinderprogramm für 1- bis 13-jährige Kinder sowie einen sicheren Babyraum für die ganz Kleinen an.","inLanguage":"de-CH","potentialAction":[{"@type":"ReadAction","target":["https://staging.c3zurich.ch/de/kindergottesdienste/"]}]},{"@type":"WebSite","@id":"https://staging.c3zurich.ch/#website","url":"https://staging.c3zurich.ch/","name":"C3 Zürich","description":"Eine Glaubensgemeinschaft im Zentrum von Zürich mit Gottesdiensten in Mundart und Englisch","publisher":{"@id":"https://staging.c3zurich.ch/#organization"},"potentialAction":[{"@type":"SearchAction","target":{"@type":"EntryPoint","urlTemplate":"https://staging.c3zurich.ch/?s={search_term_string}"},"query-input":{"@type":"PropertyValueSpecification","valueRequired":true,"valueName":"search_term_string"}}],"inLanguage":"de-CH"},{"@type":"Organization","@id":"https://staging.c3zurich.ch/#organization","name":"C3 Church Zurich","url":"https://staging.c3zurich.ch/","logo":{"@type":"ImageObject","inLanguage":"de-CH","@id":"https://staging.c3zurich.ch/#/schema/logo/image/","url":"https://staging.c3zurich.ch/wp-content/uploads/2022/03/cropped-2.png","contentUrl":"https://staging.c3zurich.ch/wp-content/uploads/2022/03/cropped-2.png","width":512,"height":512,"caption":"C3 Church Zurich"},"image":{"@id":"https://staging.c3zurich.ch/#/schema/logo/image/"},"sameAs":["https://www.facebook.com/C3Zurich/","https://x.com/c3zurich","https://www.instagram.com/c3zurich/"]}]}</script>
<!-- / Yoast SEO plugin. -->

Kids und Teens | C3 Zürich

Jeden Sonntag bieten wir in der C3 Zürich ein Kinderprogramm für 1- bis 13-jährige Kinder sowie einen sicheren Babyraum für die ganz Kleinen an.

C3-Zürich-Kindergottesdienste

C3 Zürich

Eine Glaubensgemeinschaft im Zentrum von Zürich mit Gottesdiensten in Mundart und Englisch
